ppose 5*o = o + r. Is o/8 + (-2)/(-8) composite?
True
Let j(y) = 16*y + 21 - 5*y - 16 + y**2. Let x be j(-11). Suppose -2307 - 1418 = -x*m. Is m composite?
True
Let d = -48 - -52. Suppose -5*l + d*y + 2449 = 0, -5*l - 5*y + 2890 = 450. Is l a composite number?
True
Suppose 5*t - 1383035 = -80*t. Is t a prime number?
False
Let l be 6/(-1 + (-15)/(-5)). Suppose 243 = 3*w - l*q, w - 4*w + q = -245. Is w a prime number?
False
Suppose -4929*a + 4925*a + 28252 = 0. Is a composite?
True
Is 3407 + 44*(-8)/(-32) a prime number?
False
Let q(h) = 21*h**2 - 26*h - 41. Is q(12) a prime number?
True
Suppose 5*v = 4*v + 5. Suppose -161 = -v*u - 56. Is u a prime number?
False
Let z(f) = f**3 - f**2 + 54. Let l be z(0). Suppose -3*t + 267 = l. Is t composite?
False
Let d be (-10)/(-325)*5 - (-4600)/13. Let q = 1027 + d. Is q a composite number?
False
Suppose -4*u - 2*g + 6026 = 0, -31*g + 3017 = 2*u - 34*g. Is u a composite number?
True
Is -2*-2026*(-119)/(-28) prime?
False
Let p = -111309 - -185996. Is p a composite number?
False
Let v(c) = -c**2 + 7*c + 34. Let p be v(10). Suppose -5*x = -d - d - 5037, 4052 = 4*x + p*d. Is x composite?
False
Is (5994/12 + 5)*2 a prime number?
True
Let g(l) = -l**2 - 30*l + 5. Let s be (-1)/(-3) + (-660)/36. Is g(s) a composite number?
True
Suppose -17*j + 72010 = 21*j. Is j a composite number?
True
Let x be ((-1256)/24 - -5)/((-6)/9). Let n be ((-548)/6)/((-4)/18). Suppose 0 = v - 2*r - 487, 3*r = -v + n + x. Is v a prime number?
False
Is (0 + 4 - -7)/2*194 a composite number?
True
Suppose 5*u + 0*u + 35 = 0. Let s = u - -8. Is (-1)/((-1)/47)*s a prime number?
True
Let w(v) = -v**3 - 11*v**2 + 16*v + 45. Let j be w(-12). Let l(d) = -461*d + 16. Is l(j) prime?
True
Let c = -112 + 212. Suppose r + 27 = -14. Let q = r + c. Is q a composite number?
False
Suppose -3*l = 1 + 41. Let o = l - -13. Is (-89 + o + 1)*-1 a composite number?
False
Suppose 3*s - 8*s + 481705 = -4*z, 0 = 5*s - 3*z - 481700. Is s composite?
False
Let m be (-1)/(-2) + 21394/(-4). Suppose 37713 = 5*b + 2*u, -u = 5*b + 3*u - 37711. Let w = m + b. Is w a prime number?
False
Suppose -2*i - 33 = -5*p, -7 = p - i + 4*i. Suppose 5*r + 35 = p*z, 7 = -2*z - 5*r - 0. Is 58*(-3 - (-22)/z) a prime number?
False
Let a = 14 + -11. Suppose -505 = 5*x + 2*v, a*v + 2*v = 5*x + 540. Let t = 40 - x. Is t prime?
False
Let c(m) = 11*m - 8. Let z be c(-4). Let s be z + 2 + -2 - -1. Is 28/6*s/(-2) a prime number?
False
Let i(l) = l**3 - 18*l**2 + 14*l - 12. Let p be i(13). Let c = -142 - p. Is c prime?
False
Suppose 5*x - 28 = -2*i - 1, x + 3*i = 8. Suppose -20 = -0*y + x*y. Let c = 81 + y. Is c a composite number?
True
Suppose 0*m - 102444 = -12*m. Is m a prime number?
True
Let t(d) = -d**3 + 5*d**2 + 8*d + 11. Let z(k) = -6 + 15*k + 14 + 2 + 10*k**2 + 12 - 2*k**3. Let o(q) = -7*t(q) + 3*z(q). Is o(10) a prime number?
True
Let v(k) be the second derivative of -3*k**5/4 + k**4/2 + k**3/2 - 5*k**2/2 - k. Let g = 619 - 624. Is v(g) a prime number?
False
Let q(l) = -13*l**3 + 22*l**2 + 111*l + 7. Is q(-6) composite?
True
Let j = 59 - 21. Suppose 18*a - j = 16*a. Is a a prime number?
True
Let l = 1182 + -623. Is l a prime number?
False
Suppose 0 = b - 4, 14*q + b - 7448 = 10*q. Is q prime?
True
Let q be (-115)/3*36/(-3). Suppose a - q = -4*a. Suppose 0 = 3*c + 12, 4*c = -4*w + 308 - a. Is w composite?
True
Is 32/24*(-124428)/(-16) prime?
True
Suppose 4*h - 7*p - 34258 = -10*p, 0 = -3*p - 6. Is h prime?
False
Let j be (-2744)/(-21)*63/6. Suppose 3*v = j + 1049. Is v composite?
True
Let o(v) = -v**3 + 6*v**2 - 8*v + 2. Let l be o(3). Suppose -l*y = 2*y - 21. Suppose 3*u = 2*w - 1589, 4*w - y*w = -2*u + 777. Is w a composite number?
False
Let p = 8 - 51. Let c = -93 - p. Let y = -17 - c. Is y a prime number?
False
Let t(j) be the third derivative of -j**5/6 + 3*j**4/8 - j**3 + j**2. Let i(z) be the first derivative of t(z). Is i(-4) a prime number?
True
Let b(y) = -281*y - 5. Let n be b(-8). Suppose 0 = -4*k + 5*g + n, -966 - 154 = -2*k + 2*g. Is k prime?
True
Suppose 5 = 2*i - 25. Let s be (21/i - 1)*5. Suppose -s*q = -304 + 110. Is q a composite number?
False
Let v(j) be the third derivative of j**6/120 - j**5/10 + j**4/12 - 7*j**3/3 - j**2. Let x be v(6). Is 157*(5 + -2 + x) a prime number?
True
Let w be (-4)/(-14) - (-401)/(-7). Suppose 0 = 12*v - 6*v - 366. Let r = v - w. Is r composite?
True
Let s(y) = 1619*y - 26. Is s(11) a composite number?
False
Is (-1*863 - 0)/((-199)/597) composite?
True
Let m(w) = 15*w**2 + 13*w + 37. Is m(15) prime?
True
Let j(i) = -154*i + 1. Let x be j(5). Let u = x - -1608. Is u a prime number?
True
Suppose -m + 3*m + 5*m = 0. Suppose -3*f - 2*f + 7355 = m. Is f a prime number?
True
Suppose 30*w - 20 = 25*w. Suppose 5*l = w*l. Suppose 2*q - 2*p = 112, l = 2*q + q + 2*p - 153. Is q a composite number?
False
Suppose -2*i + 218 = -5*l, 5*i - 359 - 244 = -2*l. Suppose t - 4*y = 45, -2*y - 10 = -t + 35. Let r = i - t. Is r a composite number?
True
Let o(r) = 26*r - 9. Let b(p) = -p - 6. Let h(q) = -q - 6. Let j be h(4). Let w be b(j). Is o(w) composite?
True
Let y(x) = -x**3 + x**2 - 10*x + 7. Let b(g) = -g**3 - g + 1. Let a(s) = 2*b(s) - y(s). Let l be (-1)/3*(2 - -16). Is a(l) composite?
False
Let j = -78 + 114. Suppose 4*q - 4*a - 1 = -5, 4*a = -4*q + j. Suppose -3908 + 15569 = 5*o + p, -4*o + 9316 = q*p. Is o a prime number?
True
Let a be ((-56)/12)/(8/(-12)). Let q = a + 1. Let s = 63 - q. Is s a prime number?
False
Let i(w) = w**3 - 1. Let x(c) = 3*c**2 + 0*c**2 - 4 + 12*c**3 - 3*c**3 + 3*c. Let k(a) = -3*i(a) + x(a). Is k(4) a composite number?
False
Suppose 3*j + 5*o = 7*o + 28793, 3*j - 3*o - 28788 = 0. Is j a composite number?
False
Suppose -3*l + 16 = 5*b, 3*b + 5*l + 5 = b. Suppose -5*w - 2230 = -5*t, -2*t + b*w + 889 = 2*w. Is t a composite number?
False
Let x = -5 + 8. Suppose -15 = 8*z - x*z. Is (2/4)/(z/(-534)) a composite number?
False
Let r = -36 - -39. Is 77 - (2/r + (-32)/12) prime?
True
Let u be 0 + -4 - (-2 + -5). Suppose 5*t - a = -1006 + 8678, -2*t + 3061 = -u*a. Is t a prime number?
False
Suppose -o + 3*n + 151 = 0, 6*o - n = o + 769. Let f = o - 83. Suppose -5*z + 94 = -f. Is z composite?
True
Let i be (3 + 0)*842/6. Suppose 0*v = v + i. Let j = v + 656. Is j a composite number?
True
Let o = -6 - -6. Suppose -s = -5*y - 5*s - 2, -y - 4*s - 10 = 0. Suppose -y*a - 4*t + 286 = 0, o*a - 5*a - 3*t + 715 = 0. Is a a prime number?
False
Suppose 6*u - 55 = -5*f + 3*u, f - 5*u - 39 = 0. Suppose 59 = -13*v + f*v. Is v prime?
True
Let f(h) = h**3 + 11*h**2 + 3*h + 9. Let m be f(-13). Let i = m - -667. Is i composite?
True
Let o be (-4 - -2)/(2/(-2)). Suppose -2 - 4 = o*d. Is 191/(d + (-8)/(-2)) prime?
True
Let k be (-2 + 440 + 1)*(-15)/(-15). Let p = 858 - k. Is p composite?
False
Suppose -21356 = -10*h + 36194. Is h prime?
False
Let l be (-9)/(-4) - (-5)/(-20). Suppose 6*f - l*f - 336 = 0. Let g = 121 - f. Is g composite?
False
Let c(m) = -20*m**3 - m. Suppose 0 = 4*j - 3*s + 10, 3*j - 3*s + 2 = -7. Let b be c(j). Let u = -8 + b. Is u a prime number?
True
Let c(q) = -q**3 + 21*q**2 + 40*q + 33. Let p be c(26). Is 14/21*p/6*-3 composite?
False
Let n be (-138)/((2 - 0) + -1). Let z = n - -228. Is (-2 - (-3 + z))*-1 a prime number?
True
Let k(i) = 306*i**3 + 4*i**2 - 4*i - 7. Let a(o) = 1223*o**3 + 17*o**2 - 16*o - 29. Let s(u) = 2*a(u) - 9*k(u). Is s(-1) prime?
True
Suppose -2*h - 3*j = -4783 - 2678, 14918 = 4*h + 2*j. Suppose 0 = 5*g - 4*f + 2*f - h, -5*f - 1500 = -2*g. Is g a composite number?
True
Let j be (0 - -4)/(1 + 1). Suppose -j*m = 4*t - 7*t + 959, 2*t = 5*m + 654. Is t a composite number?
False
Let q = 810 - -1649. Is q composite?
False
Let g be 276 - (3 - 0 - 2). Let k = 644 + g. Is k a composite number?
False
Let w(c) be the first derivative of 4*c**3 - c**2/2 - 2. Suppose -3*p + 30 = 3*g, 5*g = 2*g - 4*p + 35. Is w(g) prime?
False
Let p(d) = -2*d**2 + 3*d - 2. Let q be p(2). Let u be (-1)/1 + (-80 - q). Let r = 26 - u. Is r prime?
True
Suppose 5*d + 5*h + 5 = 0, 3*h = -2*d - 2*h - 17. Let x(a) = 51*a + 11. Is x(d) prime?
False
Suppose 6 = -2*r + 3*r. Let w be (-3568)/12*r/(-4). Suppose -b + w = b. Is b a composite number?
False
Let z be ((-3)/9)/(((-2)/2094)/1). Let r = z - 158. Is r a composite number?
False
Let k = 545 + -38